9 and r?
31
Let h(y) = 179*y + 20. Let x be h(4). Suppose 64 = -7*v + x. Calculate the highest common factor of v and 12.
12
Suppose 3*u = -5*q + 273, 4*u = -q + 39 + 2. Let v = -10 + 17. Suppose 2*p - 31 = v. What is the greatest common divisor of q and p?
19
Let g(j) = j**2 - 7*j - 7. Let k be g(-12). Calculate the highest common factor of 65 and k.
13
Let n(d) = -2*d**3 - 20*d**2 - d - 2. Let w be n(-10). Suppose 3*o - 120 = -0*o. What is the greatest common divisor of o and w?
8
Suppose 4*i - 6*i + 354 = 0. Suppose -348 = -7*s + i. What is the highest common factor of 15 and s?
15
Suppose 5*r + 91 - 441 = 0. What is the greatest common factor of 20 and r?
10
Let z(s) = 6 + 13*s - 3 + 18 - s**2 + 3. Let i be z(12). Calculate the highest common factor of i and 12.
12
Let p be (2 + (-1 - 64))/(2/(-10)). What is the highest common divisor of 15 and p?
15
Let g be ((-45)/5)/3 + -3. Let m be 5310/42 + g/14. Suppose -2*b + 56 = 2*b. What is the greatest common factor of m and b?
14
Let b(i) = 4*i - 8. Let l(r) = -9*r + 16. Let g(w) = -7*b(w) - 3*l(w). Let t be g(-5). Calculate the highest common divisor of t and 13.
13
Let k = 1655 - 1545. Let v = 35 + -25. What is the highest common factor of k and v?
10
Let w = -4 + 5. Let j be -1 + 4 - (-8)/w. Suppose -3*k = -s + 26, -3*s + k + 36 = -2. Calculate the greatest common factor of s and j.
11
Suppose -4*t + 147 - 27 = 0. Suppose -2*w + t = 4*a, -3*w = -2*a - 5*w + 18. Calculate the highest common factor of a and 6.
6
Let o(x) = -x + 18. Let k be o(6). Let m(n) = n + 17. Let s be m(7). What is the greatest common factor of s and k?
12
Let v(d) = -d - 1. Let o be v(-7). Suppose 0 = -o*k - 80 + 266. Calculate the highest common divisor of 31 and k.
31
Suppose -4*n = -5 - 19. Suppose -3*m = 3*m - n. Let q = m + 87. What is the highest common factor of q and 8?
8
Let n be (-48950)/623*(-14)/1. What is the greatest common factor of n and 176?
44
Suppose 2*d = 6*d - 728. What is the greatest common factor of d and 98?
14
Let w = -956 + 1381. What is the highest common factor of w and 50?
25
Suppose -4 = -c, 2*c + 1030 = 3*f - 9858. What is the greatest common divisor of 16 and f?
16
Let a = -28 - -26. Let z = 25 + a. Let x(y) = -19*y**3 + 2*y**2 + 1. Let u be x(-2). What is the greatest common factor of u and z?
23
Suppose -39*u + 353 = -7603. What is the greatest common factor of 476 and u?
68
Suppose 0 = -c - 12*j + 11*j + 1065, -2*j - 6 = 0. What is the highest common factor of 12 and c?
12
Let x(g) = -g**2 - 14*g - 4. Let t be x(-12). Let f be (-4)/(-6) - t/(-15). Suppose 20 = 5*l, 0*r - f*l + 22 = r. What is the highest common factor of r and 98?
14
Suppose 0 = -25*z - 6*z + 992. What is the highest common factor of z and 544?
32
Suppose r - 24 = -x + 4*r, -64 = -3*x + 5*r. Suppose 3*w - 6 = x. What is the greatest common divisor of w and 40?
8
Let k = 1377 + -1267. Calculate the greatest common divisor of k and 14.
2
Suppose -3*a - 2 = -3*x + 4, a = -x + 4. Let i be 0 - (a + (2 - -1)) - -9. What is the greatest common divisor of i and 55?
5
Let i = 603 + -555. Calculate the highest common factor of i and 40.
8
Let s be 23 + -15 + 6/(-2). Suppose 0 = s*x - 50 - 65. Calculate the highest common factor of x and 69.
23
Let s be 23/4*-2*-2. Suppose 2*l - 4*m = l + s, 0 = -5*l - 2*m + 71. Suppose -5*f = -o - l, -o + 19 = 3*f + 2. Calculate the highest common divisor of 1 and f.
1
Let g be (-332)/(-20) - 17 - 57/(-5). What is the greatest common factor of g and 1?
1
Let z(u) = -u**2 - 11*u - 20. Let t be z(-8). Let a = 18 - t. What is the highest common divisor of a and 154?
14
Let i(g) = -20*g**2 + g**3 - 3*g + g**3 + 7*g + 1 + 15*g**2. Let b be i(2). What is the greatest common divisor of b and 25?
5
Suppose 2*z = -1075 - 3709. Let o be z/(-7) + 16/56. What is the highest common divisor of 38 and o?
38
Let n(f) = f**3 - 3*f**2 + 4*f. Let v be n(4). Let j be (-1152)/(-108)*(13 - 7). Calculate the greatest common divisor of v and j.
32
Suppose -187 = 172*o - 183*o. What is the greatest common factor of o and 2?
1
Let j = 32 + 12. Suppose 51*z - 57*z = -24. Calculate the greatest common factor of z and j.
4
Let s be ((-250)/(-15))/(-10)*-9. What is the greatest common divisor of 15 and s?
15
Suppose -259*y = -262*y + 96. Calculate the greatest common divisor of 288 and y.
32
Let n be 7*((-34)/28 - 8/16). Let l be n/18*(1 - 4). Calculate the greatest common divisor of 8 and l.
2
Let f be 3/(-1)*(-462)/42. Calculate the highest common factor of f and 88.
11
Let c(f) = f**3 - 11*f**2 - 12*f + 7. Let u be c(12). Let t be 3 - (-7)/(u/(-3)). Suppose 3*s - 6 = -t*s. Calculate the highest common divisor of s and 18.
2
Let s(d) = 2*d**2 - 3*d - 1. Let n be s(4). Let m = 56 - -1. Calculate the greatest common factor of n and m.
19
Let z = -11 + 15. Let u = 8 - -1. Let p = -7 + u. Calculate the highest common divisor of z and p.
2
Suppose -10*t = 12*t - 2838. Calculate the highest common factor of 86 and t.
43
Let j be (-2)/(-7) - 38/(-14). Suppose -4*u = -443 + 103. Suppose 2*h = -j*h + u. Calculate the greatest common divisor of 119 and h.
17
Suppose 0*a = 5*a - 215. Calculate the highest common factor of a and 43.
43
Let u be (-810)/(-9) - (0 - 1). Let a be u/65 - 6/(-10). What is the greatest common divisor of 16 and a?
2
Suppose -3*o - 4361 = -10*o. Suppose o - 203 = 12*t. What is the greatest common divisor of t and 5?
5
Let s be (73 + 1 - (12 + -5)) + 3. What is the highest common divisor of s and 245?
35
Suppose 31*m - 1340 = 11*m. What is the greatest common divisor of 469 and m?
67
Let w(z) = -209*z**3 + 2*z**2 - 2. Let m be w(1). Let v be m/(-22) - 3/(-6). What is the highest common divisor of v and 40?
10
Let k(p) = -18*p. Let v be k(-6). Let r(d) = 3 - 3 - 3 + 3*d + 0 + 6*d**2. Let a be r(2). What is the highest common divisor of a and v?
27
Let b = -78 - -109. What is the greatest common divisor of b and 589?
31
Let r = -28 + 80. Suppose -2*h = g - 58, 3*g = -2*h - g + r. Suppose -38*o + 42 = -31*o. What is the highest common divisor of h and o?
6
Let i = -31 + 36. Suppose 0 = 5*x + i*b - 45, -x - 2*b = -0*b - 5. What is the greatest common divisor of 143 and x?
13
Let n be (-4)/(-7) + (-6 - 2370/(-42)). Suppose -2*t + n = -4*g - 33, 4*g + 48 = t. Calculate the greatest common factor of t and 288.
36
Suppose -6*p + 2*p + 1320 = 0. Suppose -294*t + 180 = -288*t. What is the greatest common factor of p and t?
30
Let c(j) = 32*j + 2. Let u be c(5). Suppose -2*s - u = -5*s. Suppose -p + 532 = 4*n + 3*p, -127 = -n - 4*p. Calculate the highest common factor of s and n.
27
Suppose -14 = -5*l - 3*j - 4, -4*l = 5*j - 8. Suppose -2*b - 48 = l*b. Let v be 22/b*-3*10. Calculate the greatest common divisor of v and 22.
11
Suppose -3*u + s = -289, -441*s - 196 = -2*u - 437*s. Let p(q) = -q**3 - q**2 + 6. Let r be p(0). Calculate the highest common divisor of r and u.
6
Suppose 0*x - 3*x = -3*b - 33, -2 = -x - 2*b. Let p = -126 - -277. Suppose 0 = 6*g - p - 41. What is the highest common divisor of x and g?
8
Suppose 0 = 46*g - 66*g + 2800. What is the greatest common factor of g and 500?
20
Suppose 25*p = -914 + 3789. What is the greatest common factor of p and 161?
23
Suppose 5*x = 43*k - 44*k + 764, k - 760 = -x. Calculate the highest common divisor of 22 and k.
11
Let q = -173 - -238. What is the highest common divisor of q and 26?
13
Let w be (1/(3/7))/(14/84). What is the highest common factor of w and 4?
2
Suppose -3*l = -1 + 7. Let i be (l - (-21)/9)*42. Calculate the highest common divisor of 42 and i.
14
Let a = -23 - -57. Suppose -6*n + 4 = -2*n. Suppose n + a = 7*g. Calculate the highest common factor of 25 and g.
5
Let z = -5022 - -8368. What is the highest common divisor of z and 14?
14
Let t = 841 - 603. What is the highest common factor of 136 and t?
34
Suppose -3*k - 7 = -6*k + 5*w, -3*w = -2*k + 5. Suppose 0*p = 2*p + k*q - 16, 3*q = 5*p - 1. Calculate the greatest common factor of 1 and p.
1
Suppose 0 = c - 21*c + 200. Let f = -26 - -66. Calculate the greatest common factor of c and f.
10
Let o = -91 + 111. What is the greatest common factor of 220 and o?
20
Suppose 0 = -9*a + 5*a + 4. Let n be 14 + 0 - (-1)/a. Let v be 0 + (-6)/(-2)*n. What is the highest common factor of 5 and v?
5
Suppose -3*